 and 55.
5
Let n = -56 + 28. Let t = n + 103. What is the highest common factor of t and 50?
25
Suppose -43 = -5*j + 4*u, -5*u + 26 = j - 0. Suppose -5*p + 26 = 6. Suppose -5*g = -p*g - 55. What is the greatest common factor of j and g?
11
Let b = 270 - 182. Let d(q) be the first derivative of 2*q**3/3 - 5*q**2/2 - 4*q + 3. Let s be d(4). Calculate the highest common divisor of s and b.
8
Suppose 0 = -4*p - 522 + 538. Calculate the greatest common divisor of p and 548.
4
Let w = 50 + 58. What is the highest common factor of w and 24?
12
Let p be (-8050)/(-920) - (7/4 + -2). Calculate the highest common divisor of 1125 and p.
9
Let m be (-3)/(-2)*(-3 - (-85)/15). Suppose 7*s - 2*s + 2*b = 20, m*s + b = 16. Calculate the greatest common factor of s and 4.
4
Suppose 5*s - 8*s = -4*o - 10, 4*s - 20 = 2*o. What is the greatest common divisor of s and 48?
6
Suppose -30 = -2*d - 3*d. Suppose 91*r = 84*r - 602. Let j = r + 101. Calculate the highest common divisor of j and d.
3
Let d be 217/2 - -3 - (-3)/6. Calculate the highest common divisor of 7 and d.
7
Let r be (1 + 1 - 1) + (-3)/(-12)*4. Let b = 8 + -5. Calculate the greatest common divisor of r and b.
1
Suppose 3*p = 2*n + 31, 0 = 3*n - 4 + 1. Suppose -2*m = -p - 21. What is the greatest common factor of m and 12?
4
Let c be 74/20 - (33/(-10) + 3). Calculate the greatest common divisor of c and 410.
2
Suppose 134 - 44 = 10*i. Calculate the greatest common factor of 279 and i.
9
Let l be (-4)/28 + (-156)/(-14). Let o be (-103)/(-3) + l/(99/6). Calculate the greatest common divisor of o and 315.
35
Suppose 0 = -2*g - 2*g + 120. Let w = 32 + -26. Suppose -39*t = -38*t - w. Calculate the highest common factor of t and g.
6
Suppose -18 = 2*h + 46. Let n = h - -34. What is the greatest common factor of n and 1?
1
Suppose -4*m + 10 + 10 = 0. Suppose -2*c - m*o + 165 = 0, 2*c - 2*o - 270 = -2*c. What is the highest common divisor of 7 and c?
7
Suppose 0 = 3*f + 4*f - 42. Calculate the highest common factor of 210 and f.
6
Let d = 351 - 232. Suppose 2*w = -329*k + 334*k - 81, 5*w - 95 = -5*k. Calculate the highest common divisor of k and d.
17
Suppose -20*d - 60 = -22*d. Let u be (-183)/(-9) + 2/(-6). Calculate the highest common factor of d and u.
10
Suppose -16*d - 4*d + 1860 = 0. What is the greatest common divisor of 62 and d?
31
Suppose 13 = 2*w + 5. Let b be (24/10)/(72/1320) - 8. Calculate the highest common divisor of w and b.
4
Suppose 0 = 4*a - 3*n + 4, 2*a - 5*n + 33 = 17. Suppose 0 = 4*y - 5*h, -2*y - 3*h = -20 - 2. Calculate the greatest common factor of y and a.
1
Suppose 915*u - 905*u - 450 = 0. What is the highest common divisor of 360 and u?
45
Let a = -366 - -411. What is the highest common factor of 120 and a?
15
Let s(q) = q**2. Let z(i) = i**2 - 4*i - 1. Let h be z(3). Let f be s(h). Let x be 16/(5/(-3) + 2). What is the greatest common divisor of x and f?
16
Let k(y) = y**3 + 20*y**2 + 3*y + 60. Let l be k(-19). What is the highest common divisor of l and 56?
28
Let p be 3/(-12)*-4 - -1. Suppose 4*q - 2*s - 172 = 0, -42 = -q - s - p. Let l = q + -36. Calculate the greatest common factor of 6 and l.
6
Let l = -26 - -19. Let b = -2 - l. Let k = 7 - b. What is the highest common factor of k and 2?
2
Let n be (-12)/(3/(15/(-10))). Suppose 2*y + n = 8. What is the greatest common factor of 8 and y?
1
Let p(u) = 6*u + 3. Let c be p(7). Let m be (-1 + 0 + 2)*(-2 + 2). Let o be (3 - 4)*-31 + (m - 1). What is the greatest common divisor of c and o?
15
Let k be 0*(3/9 + 0) + 6. What is the greatest common factor of k and 75?
3
Let t = 393 - 209. Calculate the highest common factor of t and 16.
8
Let p be (((-4)/(-10))/(5/(-25)))/(-2). Calculate the highest common factor of p and 2.
1
Suppose -5*g + 240 = -180. Let b be 18/(3/(g/8)). Suppose c = 2*h - b, 4*h - 4*c = 27 + 105. Calculate the greatest common divisor of h and 10.
10
Let i = -463 + 578. Let t = 2 + 21. What is the greatest common divisor of i and t?
23
Let h be (-1)/8 - ((-3498)/(-48) - -1). Suppose 3*k + 341 = -5*f, -3*k - 3*f = 2*k + 547. Let l = h - k. What is the greatest common factor of l and 11?
11
Let q(u) = -u**2 + 17*u - 28. Let s be q(5). Suppose -s*t = -36*t + 72. What is the greatest common divisor of t and 54?
18
Let v(t) = -2*t - 4. Let m be v(-7). Suppose -x + 1 + 4 = 0. Suppose 4*w - 238 = -x*u, w + 5 - 2 = 0. Calculate the greatest common factor of m and u.
10
Let t be -1 + (62 + -1)*1. Let n = -148 - -266. Let d = n + -98. What is the greatest common divisor of d and t?
20
Let m(p) = -2*p**3 + 3*p**2 + 3*p - 9. Suppose -4*r + 42 = 10. Suppose 0 = 2*y + r. Let w be m(y). What is the greatest common divisor of 31 and w?
31
Let p(b) = -b**3 + 19*b**2 + 20*b + 23. Let d be p(20). Suppose 0 = -2*x - 4*s + 38, -4*x - s = -18 - d. Calculate the highest common divisor of 9 and x.
9
Suppose -1048 = -13*a + 83. Let g = a + -47. Calculate the greatest common divisor of 5 and g.
5
Let c be 378/(-6)*1/(-3). Let y(u) = 2*u**2 + 5*u + 2. Let z be y(-4). Calculate the greatest common factor of z and c.
7
Let y be 5*((-3)/5 + -1). Let c be ((-270)/8)/(2/y). What is the greatest common divisor of 27 and c?
27
Let p be 0/(-1 - (-2 - -2)). Let b be 6 + -2 + 4 + -4. Let v be (b + p)*(-15)/(-2). What is the highest common factor of 20 and v?
10
Let r(v) = 2*v + 19. Let u(g) = g + 9. Let a(o) = 3*r(o) - 5*u(o). Let b be a(-6). Suppose x = 18 - b. Calculate the greatest common factor of 3 and x.
3
Let i = -215 + 837. Suppose -i = -4*m + 5*z, 0 = -3*m - 5*z + 101 + 348. What is the greatest common factor of m and 17?
17
Let w be -2*2/5*-125. Calculate the highest common divisor of w and 140.
20
Let y = -259 + 329. What is the highest common divisor of 112 and y?
14
Let t = 2 - 1. Let w be 16/(-24)*(-2)/(8/30). What is the highest common factor of w and t?
1
Suppose -16*c - 287 = -9*c. Let o = 44 + c. Calculate the highest common factor of o and 3.
3
Let g be 1*((-5)/(-1) + -2). Suppose 3*u - 365 = 7*u + q, 4*u - 3*q + 345 = 0. Let w be u/(-14) - 21/49. Calculate the highest common factor of g and w.
3
Let g = 1528 + -1520. Let t(v) = -v - 8. Let x be t(-7). Let y(j) = -55*j + 1. Let q be y(x). What is the highest common factor of g and q?
8
Let c = -85 - -107. Calculate the greatest common divisor of 352 and c.
22
Let u(l) = l**3 + 9*l**2 - 16*l + 2. Let o be u(-11). Let x be o/(-2) - (-3 - -2). Let m be (-4)/(-1 + 27/33). What is the greatest common factor of x and m?
11
Suppose 6*n + 2*n + 656 = 0. Let i be -4 - n - -1 - 3. Calculate the highest common factor of i and 19.
19
Let c be (-8)/6*(18/4)/(-1). What is the highest common divisor of 20 and c?
2
Let j(d) = d**3 + 9*d**2 - 13*d - 22. Let y be j(-10). Suppose -3*o + 38 = -58. What is the greatest common factor of o and y?
8
Suppose 5*u - 2*j - 100 = -4*j, 3*j - 40 = -2*u. Calculate the highest common divisor of 260 and u.
20
Let z be 3/(-12) - (-110619)/108. Calculate the greatest common factor of 64 and z.
64
Let d = 52 - -2. Suppose 3*p = -32 - 73. Let m be 4/10 + (-4711)/p. What is the greatest common divisor of d and m?
27
Let w(o) = -20*o**3 - 5*o**2 - 5*o - 3. Let a be w(-2). What is the greatest common divisor of 84 and a?
21
Suppose -3*u - 1530 = -3*m, -4*u = 4*m - 2696 + 632. What is the highest common factor of m and 27?
27
Let d be ((-12)/(-10))/((-18)/(-360)) - -3. Calculate the highest common factor of d and 162.
27
Suppose -w - 2*g - 1 = 0, w - g - 8 = -0*w. Let u = -7 + 11. Suppose 0 = -w*f + u*f + 7. What is the greatest common divisor of 1 and f?
1
Suppose 2*p - 47 = -2*i - 1, 5*p - 2*i = 80. Calculate the greatest common factor of p and 126.
18
Suppose 7*z - 5*z - 2 = 0. Let s be (3 + 11/(-4))*20. Let r = s + z. Calculate the greatest common divisor of 18 and r.
6
Suppose 0 = u - 3, 3*u - 10 = 3*n + 107. Let b be 68/n*-33*3. What is the highest common divisor of 17 and b?
17
Let k = -12 + 6. Let x(t) = t + 8. Let d be x(k). Suppose 3*u - 44 = -d*o - 1, 5*o + 3*u - 85 = 0. What is the greatest common divisor of o and 42?
14
Suppose 5*z - 89 = -54. Suppose z*j = 3*j + 5*c + 72, 3*c - 12 = 0. What is the greatest common divisor of 23 and j?
23
Let a = -9 + 10. Let h be (-159)/(-9) - a/(-3). What is the greatest common factor of 9 and h?
9
Let w be 54 + 1598 + 